31
Let c(t) = -5*t - 8. Let y be c(-6). Suppose y*a + 8895 = 37*a. What are the prime factors of a?
593
Suppose 0 = 2*a + 3*w + 28 - 1809, 4*w + 896 = a. Let d = -145 + a. What are the prime factors of d?
3, 83
Let w be ((-5)/(-15))/((-4)/(-39864)). Suppose 5*n - w = -3*t, 3*n + 3*t = -t + 2002. List the prime factors of n.
2, 331
Suppose -4*s + 784 = -0*s. Let b = s - -353. List the prime factors of b.
3, 61
Let m(b) = -58*b**3 + 4*b**2 + 6*b + 3. Let x be m(-2). Suppose 0 = 2*y - x + 43. What are the prime factors of y?
2, 107
Suppose -4*t + 12 = 5*f, -2*t + 4 = -2. Suppose -2*o = -a - 1 - 1, -a + 5*o - 11 = f. Suppose -a*m + 100 = -72. What are the prime factors of m?
43
Suppose 1015875 = -3887*v + 3922*v. What are the prime factors of v?
3, 5, 43
Let r(k) = 2*k**3 + 68*k**2 - 82*k + 102. List the prime factors of r(-33).
2, 3, 277
Let b(x) = 38*x**2 - 11*x + 21. Let w be (-2)/(-9)*(13 - -5). List the prime factors of b(w).
3, 5, 13
Let m(f) = 17*f + 3. Let p be m(3). Let g be (p/(-36))/((-3)/(-16)). Let u(x) = -x**3 - 6*x**2 + 4*x - 19. What are the prime factors of u(g)?
7, 11
Suppose -15*k + 39*k = 19*k. Suppose 124*y - 136*y + 13356 = k. List the prime factors of y.
3, 7, 53
Let j be (-26)/(-91) + (-3)/21*-173. Suppose -31*v = -j*v - 6. List the prime factors of 183 - (1 + 2/v).
2, 3, 5
Let m(q) = 25 + 17*q + 15*q + 41 - q**2 - 9. List the prime factors of m(23).
2, 3, 11
List the prime factors of 0*((-20)/6 + 3) - (-17712 + 9).
3, 7, 281
Let s be (-10)/15*-722*(-3)/(-4). Let w = s + -206. What are the prime factors of w?
5, 31
Suppose -5*p = y + 889, 0 = 3*y - 5*p + 2784 - 137. Let v = 2096 + y. List the prime factors of v.
2, 3, 101
Let o be (-12 + 5)/(5/(-15)). Suppose -23*h + o*h = 10. What are the prime factors of h/(20/(-228)) - 5?
2, 13
Suppose -15*i + 12*i = -4*c + 10393, 5*c - 2*i = 12993. What are the prime factors of c?
23, 113
Suppose -5*u - 15*u + 403754 = 33*u. What are the prime factors of u?
2, 13, 293
Suppose 21*z + 47 = 22*z. Suppose 3*r - 2388 = -3*i, -798 = -r + z*i - 49*i. List the prime factors of r.
2, 397
Let t(o) = o**3 - 28*o**2 - 26*o - 78. Let z be t(29). Suppose -2509 = -z*b + 272. What are the prime factors of b?
3, 103
Let i(t) = 5*t**2 + 22*t + 23. Let k be i(11). Suppose 3*r - 6*u + 5*u = 870, -3*r + 4*u + k = 0. What are the prime factors of r?
2, 5, 29
Let m = 4333 - 1911. What are the prime factors of m?
2, 7, 173
What are the prime factors of (-38 + 79)/(((-3)/37)/(-3))?
37, 41
Let t(d) be the third derivative of 5*d**4/24 + 91*d**3/6 + 3*d**2 - 3. What are the prime factors of t(29)?
2, 59
Let d(g) = -g**2 + 11*g - 24. Let j be d(7). Suppose j*l + 3*x = 800, 9*x - 14*x + 217 = l. What are the prime factors of l?
197
Suppose -747*l + 642*l + 3114825 = 0. What are the prime factors of l?
5, 17, 349
Let v be 24/8 - (109 - 3). Let h = v - -175. What are the prime factors of h?
2, 3
Let b(q) be the first derivative of 2*q**3/3 + 25*q**2/2 + 50*q - 40. What are the prime factors of b(-13)?
3, 7
Let z(g) be the first derivative of g**4/4 + 11*g**3/3 + 9*g**2/2 - 14*g + 13. Let u be z(-10). Let s(d) = -4*d + 2. List the prime factors of s(u).
2, 3
Let z = 650 + -645. Suppose -7*p - 6120 = -11*p + z*c, -p + 5*c = -1530. What are the prime factors of p?
2, 3, 5, 17
Let o(p) = -6*p**2 + 23*p - 10. Let c be o(3). Suppose -5*x - c*d = -845, -2*x + 308 = -0*x - 4*d. List the prime factors of x.
2, 41
Suppose 57 = f - 900. Let p = 1690 - f. What are the prime factors of p?
733
Let j = 98096 - 69715. What are the prime factors of j?
101, 281
Let d(q) = -429*q - 58. Let v be d(-5). Suppose -s = -6*y + 7*y - 518, -4*y - s + v = 0. List the prime factors of y.
523
Suppose 44*h = 20*h + 16*h + 60536. What are the prime factors of h?
7, 23, 47
Let q be 24/(-10)*105/42. What are the prime factors of (-120)/(-18) + -5 + (-1214)/q?
2, 3, 17
Let m = 221 + -219. Suppose -2*a + 639 = -a - g, -m*g = 2*a - 1274. What are the prime factors of a?
2, 11, 29
Suppose 26451 = 11*s - 51693. List the prime factors of s.
2, 3, 37
Let y(w) = w - 10. Let s be y(7). List the prime factors of 111 - s - 0/13.
2, 3, 19
List the prime factors of (-13 - (-4 + 4 + 2))*(-13 - 473).
2, 3, 5
Let j(a) = 371*a**2 - 9*a - 26. What are the prime factors of j(-3)?
2, 5, 167
Let j = 16 + -18. Let p = j - -4. Suppose -p*c + 298 = c + 2*h, -4*c + 4*h = -404. What are the prime factors of c?
2, 5
Suppose 134*i + 166591 = 137*i - 2*m, -3*i + 3*m = -166596. List the prime factors of i.
3, 83, 223
Let g = -19830 + 37358. List the prime factors of g.
2, 7, 313
Let u(j) = 9444*j + 381. What are the prime factors of u(4)?
3, 7, 23, 79
Let x be 221/65 + 3/5. Suppose 0*l = -2*t - x*l + 180, 5*t = l + 395. Suppose -20 = -3*v - 2*v, -2*m - 4*v + t = 0. List the prime factors of m.
2
Suppose -2*s - 225280 - 8522 = -4*x, -58437 = -x + 2*s. What are the prime factors of x?
3, 5, 433
Let m(y) = y**3 - 18*y**2 + 4*y + 23. Let k be m(18). Let t be k/6 - 13/(-78). Suppose 0 = c - 2*l - 17, -l - t = 3*l. What are the prime factors of c?
3
Let v = 2294 - 1507. Let k = v + -298. Suppose -465 - k = -6*m. What are the prime factors of m?
3, 53
Let m = 10889 + 450. List the prime factors of m.
17, 23, 29
Suppose 117239 = 5*z - 2*u, 9414*z = 9417*z - 4*u - 70321. What are the prime factors of z?
3, 7817
Suppose -5714 = 5*a - 6*a + 4167. List the prime factors of a.
41, 241
Suppose 5*l = -4*m - 1, 3*l + 8 = 3*m + 29. Let v(c) = 20*c - 5. Let p be v(l). Let t = p + -25. List the prime factors of t.
2, 3, 5
Let x(n) = -n**3 + 3*n**2 + 10*n - 11. Let c be x(-6). Suppose -3*h + c + 3404 = 0. List the prime factors of h.
23, 53
Let d = -8 + 19. Let m = d - 9. Suppose m*i + 65 = 145. List the prime factors of i.
2, 5
Let i(p) = 13*p**2 - 3*p + 30 - 45 - 12*p**2. List the prime factors of i(14).
139
Let y = 1996 + -467. Suppose -1738 = -9*g + y. What are the prime factors of g?
3, 11
Let t = 19 - 11. Let n(h) be the first derivative of 27*h**2/2 - 63*h + 363. List the prime factors of n(t).
3, 17
Suppose -2*s + 2*k = -4*s - 24, -s - 3*k - 16 = 0. What are the prime factors of 1 - (-7000)/(-6 - s)?
17, 103
Suppose 4*t - 32 = 5*b + 184, -2*b - 5*t = 60. Let m = -115 + 46. Let l = b - m. What are the prime factors of l?
29
Let h(p) = -4*p**2 + 3*p - 2 - 5*p + 5 + 19*p**3 + 0*p. Let k = 46 - 44. List the prime factors of h(k).
3, 5
What are the prime factors of -20*10/120*-2991?
5, 997
Let q be (-4499)/6 + (-23)/138. Let k = 176 - q. List the prime factors of k.
2, 463
Suppose -r - 2*s = -10914, 0*r = r + 4*s - 10902. What are the prime factors of r?
2, 3, 607
Let s = 114 - -12. Suppose -30*k + 10 = -32*k. Let l = s - k. What are the prime factors of l?
131
Let n(y) be the first derivative of 4*y**3 - 11*y**2/2 + 78*y - 71. What are the prime factors of n(7)?
19, 31
Let a = -29 - -33. Suppose 2*u + 323 = 5*u + m, 0 = a*u - 5*m - 418. Let w = -73 + u. What are the prime factors of w?
2, 17
Suppose 3*u + 250093 = 33*u - 461627. What are the prime factors of u?
2, 3, 659
Let k(n) = -21*n - 2 + 18*n**2 + 48*n**3 - 47*n**3 - 11. Let c(h) = -3*h - 4. Let g be c(5). List the prime factors of k(g).
5
Suppose -1 = q - 2*t + 2, -5*q = -4*t - 3. Suppose q = 2*a - 3. Suppose -6*d = a*j - d - 20, -4*d = j + 5. List the prime factors of j.
3, 5
Let g(k) = k**2 + 18*k - 17. Let a be -2 + 5/2 + (-78)/4. Let q be g(a). Suppose -c + 5*u + q = -2, 5*c - 124 = -u. What are the prime factors of c?
2, 3
Let r(t) = -483*t - 1757. List the prime factors of r(-7).
2, 7, 29
Let i(c) be the third derivative of -c**5/60 - c**4/6 + c**3 + 25*c**2. Let u be i(-3). Suppose u*f + 0*f = 351. List the prime factors of f.
3, 13
Suppose 2*h - 113274 = 2*i, 63*h - 59*h - i - 226560 = 0. What are the prime factors of h?
13, 4357
Suppose -2*v = 3*x - 12476, 0 = -x + 2*v - 1539 + 5687. What are the prime factors of x?
2, 1039
Suppose -b - 18 = -3*l, 5*l + 52 = -2*b + 82. Suppose 0 = l*y - 3*z - 6779 - 820, -5*z - 15 = 0. List the prime factors of y.
5, 11, 23
Let b = -12652 - -23701. List the prime factors of b.
3, 29, 127
Suppose -5*c + 779 + 51 = 0. Let u = 356 + c. What are the prime factors of u?
2, 3, 29
Let v be ((-28)/20)/(1/(-5)). Suppose 0 = -2*s - 2*x + 368, v*s - 929 = 2*s - 2*x. What are the prime factors of s?
11,